{"id":245237,"date":"2023-03-29T13:20:45","date_gmt":"2023-03-29T16:20:45","guid":{"rendered":"http:\/\/www.ewclick-testing.com.ar\/3pro8975\/?page_id=245237"},"modified":"2023-12-26T13:36:05","modified_gmt":"2023-12-26T16:36:05","slug":"articulos-publicaciones","status":"publish","type":"page","link":"http:\/\/www.ewclick-testing.com.ar\/3pro8975\/articulos-publicaciones\/","title":{"rendered":"Art\u00edculos Publicaciones"},"content":{"rendered":"\n[et_pb_section fb_built=\"1&#8243; _builder_version=\"4.19.1&#8243; _module_preset=\"default\" global_colors_info=\"{}\" da_is_popup=\"off\" da_exit_intent=\"off\" da_has_close=\"on\" da_alt_close=\"off\" da_dark_close=\"off\" da_not_modal=\"on\" da_is_singular=\"off\" da_with_loader=\"off\" da_has_shadow=\"on\" da_disable_devices=\"off|off|off\"][et_pb_row _builder_version=\"4.19.5&#8243; _module_preset=\"default\" min_height=\"93px\" custom_margin=\"||||true|false\" custom_margin_tablet=\"\" custom_margin_phone=\"\" custom_margin_last_edited=\"on|desktop\" custom_padding=\"||||false|false\" global_colors_info=\"{}\"][et_pb_column type=\"4_4&#8243; _builder_version=\"4.19.1&#8243; _module_preset=\"default\" global_colors_info=\"{}\"][et_pb_image src=\"http:\/\/www.ewclick-testing.com.ar\/3pro8975\/wp-content\/uploads\/2023\/04\/book.png\" title_text=\"book\" align=\"center\" _builder_version=\"4.20.4&#8243; _module_preset=\"default\" global_colors_info=\"{}\"][\/et_pb_image][et_pb_text _builder_version=\"4.23.1&#8243; _module_preset=\"default\" text_font=\"Open Sans||||||||\" text_text_color=\"#12326E\" text_letter_spacing=\"1px\" min_height=\"3px\" custom_margin=\"-11px||2px|||\" custom_padding=\"0px|||||\" hover_enabled=\"0&#8243; global_colors_info=\"{}\" sticky_enabled=\"0&#8243;]<h1 style=\"text-align: center;\"><span style=\"color: #12326e;\"><strong>PUBLICACIONES<\/strong><\/span><\/h1>[\/et_pb_text][\/et_pb_column][\/et_pb_row][et_pb_row _builder_version=\"4.19.1&#8243; _module_preset=\"default\" global_colors_info=\"{}\"][et_pb_column type=\"4_4&#8243; _builder_version=\"4.19.1&#8243; _module_preset=\"default\" global_colors_info=\"{}\"][et_pb_blog fullwidth=\"off\" include_categories=\"10&#8243; excerpt_length=\"250&#8243; show_more=\"on\" show_author=\"off\" show_categories=\"off\" show_pagination=\"off\" module_class=\"et_blog_grid_equal_height\" _builder_version=\"4.19.1&#8243; _module_preset=\"default\" header_font=\"Open Sans|700|||||||\" header_text_color=\"#12326E\" header_font_size=\"16px\" header_line_height=\"1.2em\" body_line_height=\"1.6em\" meta_font=\"Open Sans|700|||||||\" read_more_font=\"Open Sans|700||on|||||\" read_more_text_color=\"#FFFFFF\" read_more_font_size=\"12px\" custom_margin=\"0px||||false|false\" link_option_url_new_window=\"on\" border_radii=\"on|9px|9px|9px|9px\" border_color_all=\"RGBA(255,255,255,0)\" box_shadow_style=\"preset1&#8243; box_shadow_blur=\"20px\" box_shadow_color=\"rgba(18,50,110,0.14)\" global_colors_info=\"{}\"][\/et_pb_blog][\/et_pb_column][\/et_pb_row][\/et_pb_section]\n","protected":false},"excerpt":{"rendered":"<p>PUBLICACIONES<\/p>\n","protected":false},"author":1,"featured_media":0,"parent":0,"menu_order":0,"comment_status":"closed","ping_status":"closed","template":"","meta":{"_et_pb_use_builder":"on","_et_pb_old_content":"","_et_gb_content_width":"","footnotes":""},"class_list":["post-245237","page","type-page","status-publish","hentry"],"yoast_head":"<!-- This site is optimized with the Yoast SEO plugin v25.6 - https:\/\/yoast.com\/wordpress\/plugins\/seo\/ -->\n<title>Colegio Logos\u00f3fico | Art\u00edculos y Publicaciones<\/title>\n<meta name=\"description\" content=\"Secci\u00f3n donde podr\u00e1s encontrar una selecci\u00f3n de Art\u00edculos y Publicaciones exclusivas (Notas, Cursos, Congresos y m\u00e1s) Colegio Logos\u00f3fico.\" \/>\n<meta name=\"robots\" content=\"index, follow, max-snippet:-1, max-image-preview:large, max-video-preview:-1\" \/>\n<link rel=\"canonical\" href=\"http:\/\/www.ewclick-testing.com.ar\/3pro8975\/articulos-publicaciones\/\" \/>\n<meta property=\"og:locale\" content=\"es_ES\" \/>\n<meta property=\"og:type\" content=\"article\" \/>\n<meta property=\"og:title\" content=\"Colegio Logos\u00f3fico | Art\u00edculos y Publicaciones\" \/>\n<meta property=\"og:description\" content=\"Secci\u00f3n donde podr\u00e1s encontrar una selecci\u00f3n de Art\u00edculos y Publicaciones exclusivas (Notas, Cursos, Congresos y m\u00e1s) Colegio Logos\u00f3fico.\" \/>\n<meta property=\"og:url\" content=\"http:\/\/www.ewclick-testing.com.ar\/3pro8975\/articulos-publicaciones\/\" \/>\n<meta property=\"og:site_name\" content=\"Sistema Logos&oacute;fico de Educaci&oacute;n\" \/>\n<meta property=\"article:publisher\" content=\"https:\/\/www.facebook.com\/ColegioLogosoficoGP\" \/>\n<meta property=\"article:modified_time\" content=\"2023-12-26T16:36:05+00:00\" \/>\n<meta property=\"og:image\" content=\"http:\/\/www.ewclick-testing.com.ar\/3pro8975\/wp-content\/uploads\/2023\/11\/logo-land.png\" \/>\n\t<meta property=\"og:image:width\" content=\"317\" \/>\n\t<meta property=\"og:image:height\" content=\"70\" \/>\n\t<meta property=\"og:image:type\" content=\"image\/png\" \/>\n<meta name=\"twitter:card\" content=\"summary_large_image\" \/>\n<meta name=\"twitter:label1\" content=\"Tiempo de lectura\" \/>\n\t<meta name=\"twitter:data1\" content=\"3 minutos\" \/>\n<script type=\"application\/ld+json\" class=\"yoast-schema-graph\">{\"@context\":\"https:\/\/schema.org\",\"@graph\":[{\"@type\":\"WebPage\",\"@id\":\"http:\/\/www.ewclick-testing.com.ar\/3pro8975\/articulos-publicaciones\/\",\"url\":\"http:\/\/www.ewclick-testing.com.ar\/3pro8975\/articulos-publicaciones\/\",\"name\":\"Colegio Logos\u00f3fico | Art\u00edculos y Publicaciones\",\"isPartOf\":{\"@id\":\"https:\/\/www.ewclick-testing.com.ar\/3pro8975\/#website\"},\"datePublished\":\"2023-03-29T16:20:45+00:00\",\"dateModified\":\"2023-12-26T16:36:05+00:00\",\"description\":\"Secci\u00f3n donde podr\u00e1s encontrar una selecci\u00f3n de Art\u00edculos y Publicaciones exclusivas (Notas, Cursos, Congresos y m\u00e1s) Colegio Logos\u00f3fico.\",\"breadcrumb\":{\"@id\":\"http:\/\/www.ewclick-testing.com.ar\/3pro8975\/articulos-publicaciones\/#breadcrumb\"},\"inLanguage\":\"es\",\"potentialAction\":[{\"@type\":\"ReadAction\",\"target\":[\"http:\/\/www.ewclick-testing.com.ar\/3pro8975\/articulos-publicaciones\/\"]}]},{\"@type\":\"BreadcrumbList\",\"@id\":\"http:\/\/www.ewclick-testing.com.ar\/3pro8975\/articulos-publicaciones\/#breadcrumb\",\"itemListElement\":[{\"@type\":\"ListItem\",\"position\":1,\"name\":\"Portada\",\"item\":\"http:\/\/www.ewclick-testing.com.ar\/3pro8975\/\"},{\"@type\":\"ListItem\",\"position\":2,\"name\":\"Art\u00edculos Publicaciones\"}]},{\"@type\":\"WebSite\",\"@id\":\"https:\/\/www.ewclick-testing.com.ar\/3pro8975\/#website\",\"url\":\"https:\/\/www.ewclick-testing.com.ar\/3pro8975\/\",\"name\":\"Colegio Logos\u00f3fico\",\"description\":\"Propuesta de educaci&oacute;n basada en la pedagog&iacute;a logos&oacute;fica\",\"publisher\":{\"@id\":\"https:\/\/www.ewclick-testing.com.ar\/3pro8975\/#organization\"},\"potentialAction\":[{\"@type\":\"SearchAction\",\"target\":{\"@type\":\"EntryPoint\",\"urlTemplate\":\"https:\/\/www.ewclick-testing.com.ar\/3pro8975\/?s={search_term_string}\"},\"query-input\":{\"@type\":\"PropertyValueSpecification\",\"valueRequired\":true,\"valueName\":\"search_term_string\"}}],\"inLanguage\":\"es\"},{\"@type\":\"Organization\",\"@id\":\"https:\/\/www.ewclick-testing.com.ar\/3pro8975\/#organization\",\"name\":\"Colegio Logos\u00f3fico\",\"url\":\"https:\/\/www.ewclick-testing.com.ar\/3pro8975\/\",\"logo\":{\"@type\":\"ImageObject\",\"inLanguage\":\"es\",\"@id\":\"https:\/\/www.ewclick-testing.com.ar\/3pro8975\/#\/schema\/logo\/image\/\",\"url\":\"http:\/\/www.ewclick-testing.com.ar\/3pro8975\/wp-content\/uploads\/2023\/05\/logo.png\",\"contentUrl\":\"http:\/\/www.ewclick-testing.com.ar\/3pro8975\/wp-content\/uploads\/2023\/05\/logo.png\",\"width\":4382,\"height\":970,\"caption\":\"Colegio Logos\u00f3fico\"},\"image\":{\"@id\":\"https:\/\/www.ewclick-testing.com.ar\/3pro8975\/#\/schema\/logo\/image\/\"},\"sameAs\":[\"https:\/\/www.facebook.com\/ColegioLogosoficoGP\",\"https:\/\/www.instagram.com\/colegiologosofico\/\"]}]}<\/script>\n<!-- \/ Yoast SEO plugin. -->","yoast_head_json":{"title":"Colegio Logos\u00f3fico | Art\u00edculos y Publicaciones","description":"Secci\u00f3n donde podr\u00e1s encontrar una selecci\u00f3n de Art\u00edculos y Publicaciones exclusivas (Notas, Cursos, Congresos y m\u00e1s) Colegio Logos\u00f3fico.","robots":{"index":"index","follow":"follow","max-snippet":"max-snippet:-1","max-image-preview":"max-image-preview:large","max-video-preview":"max-video-preview:-1"},"canonical":"http:\/\/www.ewclick-testing.com.ar\/3pro8975\/articulos-publicaciones\/","og_locale":"es_ES","og_type":"article","og_title":"Colegio Logos\u00f3fico | Art\u00edculos y Publicaciones","og_description":"Secci\u00f3n donde podr\u00e1s encontrar una selecci\u00f3n de Art\u00edculos y Publicaciones exclusivas (Notas, Cursos, Congresos y m\u00e1s) Colegio Logos\u00f3fico.","og_url":"http:\/\/www.ewclick-testing.com.ar\/3pro8975\/articulos-publicaciones\/","og_site_name":"Sistema Logos&oacute;fico de Educaci&oacute;n","article_publisher":"https:\/\/www.facebook.com\/ColegioLogosoficoGP","article_modified_time":"2023-12-26T16:36:05+00:00","og_image":[{"width":317,"height":70,"url":"http:\/\/www.ewclick-testing.com.ar\/3pro8975\/wp-content\/uploads\/2023\/11\/logo-land.png","type":"image\/png"}],"twitter_card":"summary_large_image","twitter_misc":{"Tiempo de lectura":"3 minutos"},"schema":{"@context":"https:\/\/schema.org","@graph":[{"@type":"WebPage","@id":"http:\/\/www.ewclick-testing.com.ar\/3pro8975\/articulos-publicaciones\/","url":"http:\/\/www.ewclick-testing.com.ar\/3pro8975\/articulos-publicaciones\/","name":"Colegio Logos\u00f3fico | Art\u00edculos y Publicaciones","isPartOf":{"@id":"https:\/\/www.ewclick-testing.com.ar\/3pro8975\/#website"},"datePublished":"2023-03-29T16:20:45+00:00","dateModified":"2023-12-26T16:36:05+00:00","description":"Secci\u00f3n donde podr\u00e1s encontrar una selecci\u00f3n de Art\u00edculos y Publicaciones exclusivas (Notas, Cursos, Congresos y m\u00e1s) Colegio Logos\u00f3fico.","breadcrumb":{"@id":"http:\/\/www.ewclick-testing.com.ar\/3pro8975\/articulos-publicaciones\/#breadcrumb"},"inLanguage":"es","potentialAction":[{"@type":"ReadAction","target":["http:\/\/www.ewclick-testing.com.ar\/3pro8975\/articulos-publicaciones\/"]}]},{"@type":"BreadcrumbList","@id":"http:\/\/www.ewclick-testing.com.ar\/3pro8975\/articulos-publicaciones\/#breadcrumb","itemListElement":[{"@type":"ListItem","position":1,"name":"Portada","item":"http:\/\/www.ewclick-testing.com.ar\/3pro8975\/"},{"@type":"ListItem","position":2,"name":"Art\u00edculos Publicaciones"}]},{"@type":"WebSite","@id":"https:\/\/www.ewclick-testing.com.ar\/3pro8975\/#website","url":"https:\/\/www.ewclick-testing.com.ar\/3pro8975\/","name":"Colegio Logos\u00f3fico","description":"Propuesta de educaci&oacute;n basada en la pedagog&iacute;a logos&oacute;fica","publisher":{"@id":"https:\/\/www.ewclick-testing.com.ar\/3pro8975\/#organization"},"potentialAction":[{"@type":"SearchAction","target":{"@type":"EntryPoint","urlTemplate":"https:\/\/www.ewclick-testing.com.ar\/3pro8975\/?s={search_term_string}"},"query-input":{"@type":"PropertyValueSpecification","valueRequired":true,"valueName":"search_term_string"}}],"inLanguage":"es"},{"@type":"Organization","@id":"https:\/\/www.ewclick-testing.com.ar\/3pro8975\/#organization","name":"Colegio Logos\u00f3fico","url":"https:\/\/www.ewclick-testing.com.ar\/3pro8975\/","logo":{"@type":"ImageObject","inLanguage":"es","@id":"https:\/\/www.ewclick-testing.com.ar\/3pro8975\/#\/schema\/logo\/image\/","url":"http:\/\/www.ewclick-testing.com.ar\/3pro8975\/wp-content\/uploads\/2023\/05\/logo.png","contentUrl":"http:\/\/www.ewclick-testing.com.ar\/3pro8975\/wp-content\/uploads\/2023\/05\/logo.png","width":4382,"height":970,"caption":"Colegio Logos\u00f3fico"},"image":{"@id":"https:\/\/www.ewclick-testing.com.ar\/3pro8975\/#\/schema\/logo\/image\/"},"sameAs":["https:\/\/www.facebook.com\/ColegioLogosoficoGP","https:\/\/www.instagram.com\/colegiologosofico\/"]}]}},"_links":{"self":[{"href":"http:\/\/www.ewclick-testing.com.ar\/3pro8975\/wp-json\/wp\/v2\/pages\/245237"}],"collection":[{"href":"http:\/\/www.ewclick-testing.com.ar\/3pro8975\/wp-json\/wp\/v2\/pages"}],"about":[{"href":"http:\/\/www.ewclick-testing.com.ar\/3pro8975\/wp-json\/wp\/v2\/types\/page"}],"author":[{"embeddable":true,"href":"http:\/\/www.ewclick-testing.com.ar\/3pro8975\/wp-json\/wp\/v2\/users\/1"}],"replies":[{"embeddable":true,"href":"http:\/\/www.ewclick-testing.com.ar\/3pro8975\/wp-json\/wp\/v2\/comments?post=245237"}],"version-history":[{"count":7,"href":"http:\/\/www.ewclick-testing.com.ar\/3pro8975\/wp-json\/wp\/v2\/pages\/245237\/revisions"}],"predecessor-version":[{"id":247575,"href":"http:\/\/www.ewclick-testing.com.ar\/3pro8975\/wp-json\/wp\/v2\/pages\/245237\/revisions\/247575"}],"wp:attachment":[{"href":"http:\/\/www.ewclick-testing.com.ar\/3pro8975\/wp-json\/wp\/v2\/media?parent=245237"}],"curies":[{"name":"wp","href":"https:\/\/api.w.org\/{rel}","templated":true}]}}